+ 46 = -3*g. Suppose 262 = x*d - 470. What is the units digit of d?
2
Let p(l) = -316*l + 21. Suppose 0 = -2*q - 20 + 28, -2*v + 5*q - 30 = 0. What is the units digit of p(v)?
1
Let d = -66 - -71. Let c(k) = 8*k - 42. Let b be c(d). What is the tens digit of (b/2)/(((-12)/4)/69)?
2
Let j(i) = i**2 - 9*i + 23. Let l be j(4). Suppose -4*x - l*k = -6*k + 252, 0 = k + 4. What is the units digit of (-4180)/x + 2/(-6)?
3
Let z(a) = 13*a**2 - 3*a - 6. Let y be 1253/9 - 2*4/36. Let h = y + -143. What is the tens digit of z(h)?
1
Let p(c) = -9056*c - 98. What is the units digit of p(-3)?
0
Suppose 179 = -19*m + 20*m. Suppose 2*f - 123 - m = 0. What is the units digit of f?
1
What is the units digit of (-12029 + -21)*21/(-14)?
5
Suppose 2*z = 0, -5*f + 2*z - 195 = -1190. Suppose f = 3*n + 5*h, 3*n = -h - h + 184. What is the units digit of n?
8
Suppose 4995 = 64*v - 61*v - 5*g, 1665 = v - 3*g. What is the thousands digit of v?
1
Suppose 285*j - 288*j = 18, 0 = k + j - 13628. What is the hundreds digit of k?
6
Suppose -28 = -2*t - 16. Suppose -2502 = -t*k - 780. What is the units digit of k?
7
Let g(m) = 2718*m - 647. What is the thousands digit of g(14)?
7
Suppose -5*c + 15 = -0*c. Suppose d + d - 272 = -c*b, 5*b - 475 = d. Let l = 193 - b. What is the tens digit of l?
9
What is the hundreds digit of ((-8)/36)/((-26)/(-43212))*-3?
1
Suppose 0 = -c + 2*y + 27 + 2, 4*y + 108 = 4*c. Let d be 0*(-5)/c - 5. What is the units digit of 2 + 408/10 + (-1)/d?
3
Suppose -20 = 4*j, 14*w = 12*w + j + 3851. What is the units digit of w?
3
Let d(j) = -j**2 - 19 + 8*j + 8*j**2 + j**3 - 5*j. Let c be d(-6). Let l = c - -28. What is the units digit of l?
7
Let v(l) = -189*l + 212. Let k(q) = 47*q - 53. Let x be -1*2/(-4)*(1 + 3). Let f(h) = x*v(h) + 9*k(h). What is the units digit of f(7)?
2
Let o(y) = -90*y + 14. Let r be o(6). Let s = r + 1020. What is the units digit of s?
4
Let c(p) = p**3 + 15*p**2 - 34*p + 5. Let y be c(-17). Suppose -y*u + 91 = r + 1, -2*u + 8 = 0. What is the tens digit of r?
7
Suppose 37 + 95 = 12*x. Suppose x*m + 28*m = 42978. What is the tens digit of m?
0
Let m(n) = 313*n - 886. What is the units digit of m(7)?
5
Let n(f) be the third derivative of 0 - 49/12*f**4 + 0*f + f**2 + 1/3*f**3. What is the units digit of n(-1)?
0
Let f = -18706 - -29406. What is the thousands digit of f?
0
Suppose -3*h = -9*k + 4*k + 105, -3*h = -4*k + 102. Let w be (10 + -1)*(-10)/h. Suppose 5*a + 4 = 4*u, -w*a - a = -4*u + 8. What is the units digit of u?
6
Let s = 18 - -1547. Suppose 11*o = 12*o + 5*p - 360, 4*o - 5*p = s. What is the hundreds digit of o?
3
Suppose -29782 = -2*m - 2*u, -3*m + 19131 + 25537 = 2*u. What is the thousands digit of m?
4
Let v(u) = 7067*u + 6398. What is the units digit of v(2)?
2
Suppose 46*f = 47*f - 20. Suppose 0 = -4*i + f, y + 3*i = -y + 2701. What is the thousands digit of y?
1
Suppose 0 = -4*i - 3*u + 161, -2*u + 122 = i + 2*i. What is the tens digit of 195 - ((-54)/(-135) - i/10)?
9
Let g be -92*(-1)/8*2. Suppose -t = -o - 1276, 18*t - g*t + 2*o + 6389 = 0. What is the thousands digit of t?
1
Let i = -222 - -225. Suppose 1251 = i*l + 5*h, -l + 415 = 2*h - h. What is the units digit of l?
2
What is the tens digit of ((-9 - -14) + -21771)*(-1)/2?
8
Suppose -59*u + 803346 + 281251 = 0. What is the thousands digit of u?
8
Let j = 21064 + -4287. What is the thousands digit of j?
6
Suppose 6*l = 198 - 42. Suppose 12*p + 2184 = l*p. What is the hundreds digit of p?
1
Suppose -9*v + 4*v - 625 = -5*f, -5*v + 407 = 3*f. Suppose 4*t - 5 - 3 = 0. Suppose 5*j + h - 470 = f, 258 = t*j + 5*h. What is the tens digit of j?
1
Suppose -120*m + g = -131*m + 64986, 0 = 4*g + 8. What is the hundreds digit of m?
9
Let z be 65 + -7 + 32/4. Suppose 5*u = -0*u - w - 9, 0 = 4*u - 3*w + 11. Let y = z - u. What is the units digit of y?
8
Let s(u) = -2*u**2 + 4*u**2 - u**2 + 0*u**2 - 2*u. Let w be s(0). Suppose w = -k - t + 17, 3*t = k - 2*t - 35. What is the tens digit of k?
2
What is the thousands digit of ((-26021)/(-2))/(-24 + 1261/52)?
2
Let k(f) = 564*f + 40. Let a be k(3). Suppose 10*t = 1768 + a. What is the tens digit of t?
5
Suppose -33 + 13 = 5*f, -2464 = -i + f. Suppose -2*q + 4976 = 2*q - 4*o, -2*q - 5*o + i = 0. What is the units digit of q?
0
Suppose -z + 334 = -3*b - b, 0 = 3*b - 12. Let q = 508 - z. Suppose 0 = 10*y - 12*y + q. What is the units digit of y?
9
What is the hundreds digit of 1*((0 - 10) + 196)?
1
Let i be (-8)/180*-5 + 88/9. What is the hundreds digit of (51*(-4)/i)/(13/(-1170))?
8
Let i(p) = p**3 - 3*p**2 + p + 7. Let r be i(3). Suppose -5*f - r = -6*g + 5*g, 0 = -g + 2*f + 7. Suppose g*j + 98 = 388. What is the tens digit of j?
5
Suppose -s - s + 6 = 0, 4*s + 1237 = j. Let u = -831 + j. Suppose -3*v = -4*r - r - 305, r + u = 4*v. What is the tens digit of v?
0
Suppose 0 = -5*f + 3*x + 19 - 4, -3*f + 4*x = -20. Suppose f = -2*s + 40 - 34. Suppose -s*d + 165 = 63. What is the tens digit of d?
3
Let i be ((-6)/(-6))/((-3)/(-48)). Suppose -15*s = -i*s + 4. Suppose s*r - 305 = 63. What is the units digit of r?
2
Let o(y) = 2*y**2 - 14*y. Let c be o(7). Suppose 22*h - 26*h + 892 = c. What is the hundreds digit of h?
2
Let l be (-26 + 23)/(6/(-34)). Suppose 9*s - l*s + 4336 = 0. What is the hundreds digit of s?
5
Let r be (-1)/3 + (-152)/12. Let b = r - -16. What is the tens digit of 35/b + (-16)/24?
1
Let w be 5*6*27/54. What is the units digit of (-3)/w*-5 + 28?
9
Suppose 3*s - 344*p = -342*p + 115551, 9 = -3*p. What is the thousands digit of s?
8
Let z(w) = -w**3 - 47*w**2 - 48*w - 112. What is the thousands digit of z(-51)?
2
Let f(n) = -4*n + 47. Let w be f(10). Let h(c) = c**3 - 7*c**2 - c + 12. Let q be h(w). What is the units digit of q/15*0 + 54*4?
6
Suppose 10*j + 36 = 19*j. Suppose 17*r = -j*r + 4200. What is the units digit of r?
0
Let p(c) = -2*c**2 - 22*c - 6. Let d be p(-10). Suppose 0 = -3*i + 5*t - 12, 1 = 5*t - d. Let g(s) = 99*s**3 + s**2 - 1. What is the units digit of g(i)?
9
Let o = -7 - 0. Let n(t) = -t**3 - 3*t**2 - 17. Let j be n(o). Let b = 39 + j. What is the tens digit of b?
1
Suppose -d + 11 = -0*d - z, 41 = 3*d + 5*z. What is the units digit of (4 - (-558)/d - -6)*2?
3
Let d(g) be the third derivative of 61*g**4/24 - 85*g**3/6 + 6*g**2 + 3. What is the units digit of d(6)?
1
What is the units digit of ((-396324)/(-24))/((-138)/(-184))?
8
Let v = 0 - -3. Let o(d) = 5*d**3 + 7*d**2 + 2*d - 5. Let g(z) = -3*z**3 - 3*z**2 + 2. Let k(i) = -5*g(i) - 2*o(i). What is the tens digit of k(v)?
3
Let h(a) = -94*a + 102. Let b be h(-4). Let o = b + 67. What is the units digit of o?
5
Suppose 0 = 2*b + 5*m - 17, 4*b - 3*m + 11 = 2*m. Let q be (-6 - -8) + b*-2*1. Suppose -r + 56 + 8 = q. What is the tens digit of r?
6
Suppose -3*a - 51758 = -33*s + 29*s, 3*s = 3*a + 38820. What is the tens digit of s?
3
Suppose -l - 4696 = -2*g, -g - l = -4*g + 7044. Let h = -1321 + g. What is the units digit of h?
7
Suppose -2*f - 3*o + 617 = 0, f - 301 = 47*o - 41*o. What is the hundreds digit of f?
3
Let r = 3727 - 2503. Suppose 6*h - r = 2*h. What is the hundreds digit of h?
3
Suppose 2*h + 21 - 53 = 0. Suppose h + 70 = -2*v. Let u = v - -100. What is the tens digit of u?
5
Let p(m) = -485*m - 3043. What is the thousands digit of p(-76)?
3
Suppose -5*p + 7*s - 10*s = -100740, 2*s + 10 = 0. What is the tens digit of p?
5
Let h(l) = 7*l**3 + 213*l**2 + 19*l - 25. What is the tens digit of h(-19)?
9
Suppose -918*w + 900*w + 833778 = 0. What is the tens digit of w?
2
Suppose -2*c - 5*h + 4393 + 59090 = 0, -5*h = -3*c + 95287. What is the ten thousands digit of c?
3
Suppose 3*k - 32 - 67 = 0. Let z = k + 102. What is the units digit of z?
5
Suppose -3*r + 7 + 17 = 0. Let u(p) = -p**3 + 9*p**2 - 6*p - 11. Let i be u(r). Suppose 3*q - 83 = 2*s, 3*q + 4*s = i*s + 85. What is the units digit of q?
9
Let o(k) = 4*k + 19. Let g be o(-4). Suppose -6 = q + 3*d - 0, -2*q - g = 3*d. Suppose -q*p - 3 = 0, 3*p - 2*p - 4 = -5*s. What is the units digit of s?
1
Let z be (-2)/(-3) + 80648/204. Let h = 451 + z. What is the tens digit of h?
4
Let o = -550 - -6523. What is the hundreds digit of o?
9
Let p(l) = -33*l**2 - l + 13. Let d be p(-7). Let x = 2319 + d. What is the units digit of x?
2
Let y(g) = -g**3 + 122*g**2 + 168*g + 146. What is the